{"id":38,"date":"2023-10-23T16:21:09","date_gmt":"2023-10-23T14:21:09","guid":{"rendered":"http:\/\/rhizomstjc.cluster014.ovh.net\/?page_id=38"},"modified":"2025-08-30T20:24:33","modified_gmt":"2025-08-30T18:24:33","slug":"latelier","status":"publish","type":"page","link":"https:\/\/rhizom-studio.com\/?page_id=38","title":{"rendered":"A propos"},"content":{"rendered":"\t\t<div data-elementor-type=\"wp-page\" data-elementor-id=\"38\" class=\"elementor elementor-38\">\n\t\t\t\t<div class=\"elementor-element elementor-element-05431d2 e-flex e-con-boxed e-con e-parent\" data-id=\"05431d2\" data-element_type=\"container\" data-e-type=\"container\">\n\t\t\t\t\t<div class=\"e-con-inner\">\n\t\t<div class=\"elementor-element elementor-element-6c2b8b5 e-con-full e-flex e-con e-child\" data-id=\"6c2b8b5\" data-element_type=\"container\" data-e-type=\"container\">\n\t\t\t\t<div class=\"elementor-element elementor-element-4cb7d9d e-transform elementor-widget elementor-widget-text-editor\" data-id=\"4cb7d9d\" data-element_type=\"widget\" data-e-type=\"widget\" data-settings=\"{&quot;_transform_translateX_effect&quot;:{&quot;unit&quot;:&quot;px&quot;,&quot;size&quot;:0,&quot;sizes&quot;:[]},&quot;_transform_translateY_effect&quot;:{&quot;unit&quot;:&quot;px&quot;,&quot;size&quot;:29,&quot;sizes&quot;:[]},&quot;_transform_translateX_effect_tablet&quot;:{&quot;unit&quot;:&quot;px&quot;,&quot;size&quot;:&quot;&quot;,&quot;sizes&quot;:[]},&quot;_transform_translateX_effect_mobile&quot;:{&quot;unit&quot;:&quot;px&quot;,&quot;size&quot;:&quot;&quot;,&quot;sizes&quot;:[]},&quot;_transform_translateY_effect_tablet&quot;:{&quot;unit&quot;:&quot;px&quot;,&quot;size&quot;:&quot;&quot;,&quot;sizes&quot;:[]},&quot;_transform_translateY_effect_mobile&quot;:{&quot;unit&quot;:&quot;px&quot;,&quot;size&quot;:&quot;&quot;,&quot;sizes&quot;:[]}}\" data-widget_type=\"text-editor.default\">\n\t\t\t\t<div class=\"elementor-widget-container\">\n\t\t\t\t\t\t\t\t\t<p><span class=\"s1\">Rhizom a pris forme en 2013 par l&rsquo;impulsion de Rose Morand, avec la volont\u00e9 d&rsquo;ouvrir les techniques et de cr\u00e9er dans la recherche et l&rsquo;exp\u00e9rimentation.<\/span><\/p><p><span class=\"s1\">Passionn\u00e9e par l&rsquo;anthroplogie, elle s&rsquo;int\u00e9resse \u00e0 la place actuelle des ornements c\u00e9r\u00e9moniaux.\u00a0 Elle explore dans sa pratique artistique les diff\u00e9rents champs de cr\u00e9ation <\/span>des fibres et du textile. En revisitant les savoir-faire traditionnels comme le macram\u00e9\u00a0 ou la broderie, e<span class=\"s1\">lle cr\u00e9e les objets rituels d\u2019un monde qui renoue avec sa magie.<\/span><\/p><p><span class=\"s1\"> Les inspirations se\u00a0<\/span>superposent. A travers son travail, elle part en exploration et ram\u00e8ne de ses voyages imaginaires\u00a0 et ancestraux toutes sortes d\u2019objets et d\u2019ornements.\u00a0<\/p>\t\t\t\t\t\t\t\t<\/div>\n\t\t\t\t<\/div>\n\t\t\t\t<\/div>\n\t\t<div class=\"elementor-element elementor-element-a723b19 e-con-full e-flex e-con e-child\" data-id=\"a723b19\" data-element_type=\"container\" data-e-type=\"container\">\n\t\t\t\t<div class=\"elementor-element elementor-element-8fa35b4 elementor-widget elementor-widget-image\" data-id=\"8fa35b4\" data-element_type=\"widget\" data-e-type=\"widget\" data-widget_type=\"image.default\">\n\t\t\t\t<div class=\"elementor-widget-container\">\n\t\t\t\t\t\t\t\t\t\t\t\t\t\t\t<img fetchpriority=\"high\" decoding=\"async\" width=\"1024\" height=\"1024\" src=\"https:\/\/rhizom-studio.com\/wp-content\/uploads\/2025\/02\/rhizom-studio-regratterie-1-1024x1024.jpeg\" class=\"attachment-large size-large wp-image-1748\" alt=\"\" srcset=\"https:\/\/rhizom-studio.com\/wp-content\/uploads\/2025\/02\/rhizom-studio-regratterie-1-1024x1024.jpeg 1024w, https:\/\/rhizom-studio.com\/wp-content\/uploads\/2025\/02\/rhizom-studio-regratterie-1-300x300.jpeg 300w, https:\/\/rhizom-studio.com\/wp-content\/uploads\/2025\/02\/rhizom-studio-regratterie-1-150x150.jpeg 150w, https:\/\/rhizom-studio.com\/wp-content\/uploads\/2025\/02\/rhizom-studio-regratterie-1-768x768.jpeg 768w, https:\/\/rhizom-studio.com\/wp-content\/uploads\/2025\/02\/rhizom-studio-regratterie-1.jpeg 1080w\" sizes=\"(max-width: 1024px) 100vw, 1024px\" \/>\t\t\t\t\t\t\t\t\t\t\t\t\t\t\t<\/div>\n\t\t\t\t<\/div>\n\t\t\t\t<\/div>\n\t\t\t\t\t<\/div>\n\t\t\t\t<\/div>\n\t\t<div class=\"elementor-element elementor-element-8a80a45 e-flex e-con-boxed e-con e-parent\" data-id=\"8a80a45\" data-element_type=\"container\" data-e-type=\"container\">\n\t\t\t\t\t<div class=\"e-con-inner\">\n\t\t<div class=\"elementor-element elementor-element-57ecb43 e-con-full e-flex e-con e-child\" data-id=\"57ecb43\" data-element_type=\"container\" data-e-type=\"container\">\n\t\t\t\t<div class=\"elementor-element elementor-element-9785444 elementor-widget elementor-widget-text-editor\" data-id=\"9785444\" data-element_type=\"widget\" data-e-type=\"widget\" data-widget_type=\"text-editor.default\">\n\t\t\t\t<div class=\"elementor-widget-container\">\n\t\t\t\t\t\t\t\t\t<h5><strong>* CONTACT :<\/strong><\/h5><p>L&rsquo;atelier est situ\u00e9 dans les Deux-S\u00e8vres<\/p><p>Mail : contact@rhizom-studio.com<\/p><p>Instagram : rhizom_studio<\/p><p>Facebook : rhizom.studio<\/p>\t\t\t\t\t\t\t\t<\/div>\n\t\t\t\t<\/div>\n\t\t\t\t<div class=\"elementor-element elementor-element-de4a432 e-transform elementor-widget elementor-widget-image\" data-id=\"de4a432\" data-element_type=\"widget\" data-e-type=\"widget\" data-settings=\"{&quot;_transform_translateY_effect&quot;:{&quot;unit&quot;:&quot;px&quot;,&quot;size&quot;:108,&quot;sizes&quot;:[]},&quot;_transform_translateX_effect&quot;:{&quot;unit&quot;:&quot;px&quot;,&quot;size&quot;:&quot;&quot;,&quot;sizes&quot;:[]},&quot;_transform_translateX_effect_tablet&quot;:{&quot;unit&quot;:&quot;px&quot;,&quot;size&quot;:&quot;&quot;,&quot;sizes&quot;:[]},&quot;_transform_translateX_effect_mobile&quot;:{&quot;unit&quot;:&quot;px&quot;,&quot;size&quot;:&quot;&quot;,&quot;sizes&quot;:[]},&quot;_transform_translateY_effect_tablet&quot;:{&quot;unit&quot;:&quot;px&quot;,&quot;size&quot;:&quot;&quot;,&quot;sizes&quot;:[]},&quot;_transform_translateY_effect_mobile&quot;:{&quot;unit&quot;:&quot;px&quot;,&quot;size&quot;:&quot;&quot;,&quot;sizes&quot;:[]}}\" data-widget_type=\"image.default\">\n\t\t\t\t<div class=\"elementor-widget-container\">\n\t\t\t\t\t\t\t\t\t\t\t\t\t\t\t<img decoding=\"async\" width=\"1024\" height=\"633\" src=\"https:\/\/rhizom-studio.com\/wp-content\/uploads\/2023\/12\/test-1024x633.jpg\" class=\"attachment-large size-large wp-image-317\" alt=\"\" srcset=\"https:\/\/rhizom-studio.com\/wp-content\/uploads\/2023\/12\/test-1024x633.jpg 1024w, https:\/\/rhizom-studio.com\/wp-content\/uploads\/2023\/12\/test-300x186.jpg 300w, https:\/\/rhizom-studio.com\/wp-content\/uploads\/2023\/12\/test-768x475.jpg 768w, https:\/\/rhizom-studio.com\/wp-content\/uploads\/2023\/12\/test.jpg 1200w\" sizes=\"(max-width: 1024px) 100vw, 1024px\" \/>\t\t\t\t\t\t\t\t\t\t\t\t\t\t\t<\/div>\n\t\t\t\t<\/div>\n\t\t\t\t<\/div>\n\t\t<div class=\"elementor-element elementor-element-843a7cb e-con-full e-flex e-con e-child\" data-id=\"843a7cb\" data-element_type=\"container\" data-e-type=\"container\">\n\t\t\t\t<div class=\"elementor-element elementor-element-c450b0d elementor-widget elementor-widget-text-editor\" data-id=\"c450b0d\" data-element_type=\"widget\" data-e-type=\"widget\" data-widget_type=\"text-editor.default\">\n\t\t\t\t<div class=\"elementor-widget-container\">\n\t\t\t\t\t\t\t\t\t<h6><strong>* R\u00e9sidence :<\/strong> <b> <\/b><\/h6><p>2018 &gt; Les ateliers de Paris ( 2016\/2018)<\/p><h6><strong>* Expositons collectives :<\/strong><\/h6><p>2025 &gt; Galerie Marguerite, Aubeterre-sur-Dronne<\/p><p>2023 &gt; Bijoux fous, galerie de l\u2019\u00e9cu de France, Viroflay<\/p><p>2019 &gt; Sept\/oct : Parures, objets d\u2019art \u00e0 porter, manufacture de Roubaix, France<\/p><p>2018 &gt; Biennale \u00c9mergences, cnd Pantin, France\u2028<\/p><p>\u00a0 \u00a0 \u00a0 \u00a0 \u00a0 \u00a0 \u00a0Label fabriqu\u00e9 \u00e0 paris, h\u00f4tel de ville, Paris, France.<\/p><p>2017 &gt; Les nouveaux cr\u00e9ateurs, Paris<\/p><p>2016 &gt; Le paris des talents, h\u00f4tel de ville, Paris, France. \u2028<\/p><p>\u00a0 \u00a0 \u00a0 \u00a0 \u00a0 \u00a0 \u00a0 Biennale \u00c9mergences, cnd Pantin, France. \u2028<\/p><p>\u00a0 \u00a0 \u00a0 \u00a0 \u00a0 \u00a0 \u00a0Premi\u00e8re Classe, salon international de l\u2019accessoires, Paris, France. \u2028<\/p><p>\u00a0 \u00a0 \u00a0 \u00a0 \u00a0 \u00a0 \u00a0Sous le soleil exactement, galerie des ateliers de Paris, France.<\/p><p>2015 &gt; Artextures, France.\u00a0<\/p><p>2012 &gt; Contextile 2012 : triennale d\u2019art textile contemporain, \u2028Guimaraes, Portugal.<\/p>\t\t\t\t\t\t\t\t<\/div>\n\t\t\t\t<\/div>\n\t\t\t\t<\/div>\n\t\t\t\t\t<\/div>\n\t\t\t\t<\/div>\n\t\t\t\t<\/div>\n\t\t","protected":false},"excerpt":{"rendered":"<p>Rhizom a pris forme en 2013 par l&rsquo;impulsion de Rose Morand, avec la volont\u00e9 d&rsquo;ouvrir les techniques et de cr\u00e9er [&hellip;]<\/p>\n","protected":false},"author":1,"featured_media":0,"parent":0,"menu_order":0,"comment_status":"closed","ping_status":"closed","template":"","meta":{"site-sidebar-layout":"default","site-content-layout":"","ast-site-content-layout":"","site-content-style":"default","site-sidebar-style":"default","ast-global-header-display":"","ast-banner-title-visibility":"","ast-main-header-display":"","ast-hfb-above-header-display":"","ast-hfb-below-header-display":"","ast-hfb-mobile-header-display":"","site-post-title":"","ast-breadcrumbs-content":"","ast-featured-img":"","footer-sml-layout":"","theme-transparent-header-meta":"","adv-header-id-meta":"","stick-header-meta":"","header-above-stick-meta":"","header-main-stick-meta":"","header-below-stick-meta":"","astra-migrate-meta-layouts":"default","ast-page-background-enabled":"default","ast-page-background-meta":{"desktop":{"background-color":"var(--ast-global-color-4)","background-image":"","background-repeat":"repeat","background-position":"center center","background-size":"auto","background-attachment":"scroll","background-type":"","background-media":"","overlay-type":"","overlay-color":"","overlay-opacity":"","overlay-gradient":""},"tablet":{"background-color":"","background-image":"","background-repeat":"repeat","background-position":"center center","background-size":"auto","background-attachment":"scroll","background-type":"","background-media":"","overlay-type":"","overlay-color":"","overlay-opacity":"","overlay-gradient":""},"mobile":{"background-color":"","background-image":"","background-repeat":"repeat","background-position":"center center","background-size":"auto","background-attachment":"scroll","background-type":"","background-media":"","overlay-type":"","overlay-color":"","overlay-opacity":"","overlay-gradient":""}},"ast-content-background-meta":{"desktop":{"background-color":"var(--ast-global-color-5)","background-image":"","background-repeat":"repeat","background-position":"center center","background-size":"auto","background-attachment":"scroll","background-type":"","background-media":"","overlay-type":"","overlay-color":"","overlay-opacity":"","overlay-gradient":""},"tablet":{"background-color":"var(--ast-global-color-5)","background-image":"","background-repeat":"repeat","background-position":"center center","background-size":"auto","background-attachment":"scroll","background-type":"","background-media":"","overlay-type":"","overlay-color":"","overlay-opacity":"","overlay-gradient":""},"mobile":{"background-color":"var(--ast-global-color-5)","background-image":"","background-repeat":"repeat","background-position":"center center","background-size":"auto","background-attachment":"scroll","background-type":"","background-media":"","overlay-type":"","overlay-color":"","overlay-opacity":"","overlay-gradient":""}},"footnotes":""},"class_list":["post-38","page","type-page","status-publish","hentry"],"_links":{"self":[{"href":"https:\/\/rhizom-studio.com\/index.php?rest_route=\/wp\/v2\/pages\/38","targetHints":{"allow":["GET"]}}],"collection":[{"href":"https:\/\/rhizom-studio.com\/index.php?rest_route=\/wp\/v2\/pages"}],"about":[{"href":"https:\/\/rhizom-studio.com\/index.php?rest_route=\/wp\/v2\/types\/page"}],"author":[{"embeddable":true,"href":"https:\/\/rhizom-studio.com\/index.php?rest_route=\/wp\/v2\/users\/1"}],"replies":[{"embeddable":true,"href":"https:\/\/rhizom-studio.com\/index.php?rest_route=%2Fwp%2Fv2%2Fcomments&post=38"}],"version-history":[{"count":71,"href":"https:\/\/rhizom-studio.com\/index.php?rest_route=\/wp\/v2\/pages\/38\/revisions"}],"predecessor-version":[{"id":1780,"href":"https:\/\/rhizom-studio.com\/index.php?rest_route=\/wp\/v2\/pages\/38\/revisions\/1780"}],"wp:attachment":[{"href":"https:\/\/rhizom-studio.com\/index.php?rest_route=%2Fwp%2Fv2%2Fmedia&parent=38"}],"curies":[{"name":"wp","href":"https:\/\/api.w.org\/{rel}","templated":true}]}}