{"id":36,"date":"2023-10-23T20:05:47","date_gmt":"2023-10-23T18:05:47","guid":{"rendered":"http:\/\/rhizomstjc.cluster014.ovh.net\/?page_id=36"},"modified":"2024-08-20T19:48:42","modified_gmt":"2024-08-20T17:48:42","slug":"projets","status":"publish","type":"page","link":"https:\/\/rhizom-studio.com\/?page_id=36","title":{"rendered":"Gris-Gris"},"content":{"rendered":"\t\t<div data-elementor-type=\"wp-page\" data-elementor-id=\"36\" class=\"elementor elementor-36\">\n\t\t\t\t<div class=\"elementor-element elementor-element-3ee92e0 e-flex e-con-boxed e-con e-parent\" data-id=\"3ee92e0\" data-element_type=\"container\" data-e-type=\"container\">\n\t\t\t\t\t<div class=\"e-con-inner\">\n\t\t\t\t<div class=\"elementor-element elementor-element-155b1e5 elementor-widget elementor-widget-text-editor\" data-id=\"155b1e5\" data-element_type=\"widget\" data-e-type=\"widget\" data-widget_type=\"text-editor.default\">\n\t\t\t\t<div class=\"elementor-widget-container\">\n\t\t\t\t\t\t\t\t\t<h4>\u00a0:\u00a0 \u00a0:::\u00a0 LES GRIS-GRIS\u00a0 ::\u00a0 :\u00a0 :<\/h4>\t\t\t\t\t\t\t\t<\/div>\n\t\t\t\t<\/div>\n\t\t\t\t\t<\/div>\n\t\t\t\t<\/div>\n\t\t<div class=\"elementor-element elementor-element-4116fa9 e-flex e-con-boxed e-con e-parent\" data-id=\"4116fa9\" data-element_type=\"container\" data-e-type=\"container\">\n\t\t\t\t\t<div class=\"e-con-inner\">\n\t\t\t\t<div class=\"elementor-element elementor-element-65a4015 elementor-widget elementor-widget-text-editor\" data-id=\"65a4015\" data-element_type=\"widget\" data-e-type=\"widget\" data-widget_type=\"text-editor.default\">\n\t\t\t\t<div class=\"elementor-widget-container\">\n\t\t\t\t\t\t\t\t\t<p class=\"p1\">F\u00e9tiches des mondes d\u00e9filant sans arr\u00eats et sans freins devant notre oeil int\u00e9rieur.<\/p><p class=\"p1\">S\u00e9rie de manipulations textiles libres. Projet artistique en cours.<\/p>\t\t\t\t\t\t\t\t<\/div>\n\t\t\t\t<\/div>\n\t\t\t\t\t<\/div>\n\t\t\t\t<\/div>\n\t\t<div class=\"elementor-element elementor-element-8a4204f e-flex e-con-boxed e-con e-parent\" data-id=\"8a4204f\" data-element_type=\"container\" data-e-type=\"container\">\n\t\t\t\t\t<div class=\"e-con-inner\">\n\t\t\t\t<div class=\"elementor-element elementor-element-0df1335 gallery-spacing-custom elementor-widget elementor-widget-image-gallery\" data-id=\"0df1335\" data-element_type=\"widget\" data-e-type=\"widget\" data-widget_type=\"image-gallery.default\">\n\t\t\t\t<div class=\"elementor-widget-container\">\n\t\t\t\t\t\t\t<div class=\"elementor-image-gallery\">\n\t\t\t<div id='gallery-1' class='gallery galleryid-36 gallery-columns-4 gallery-size-medium_large'><figure class='gallery-item'>\n\t\t\t<div class='gallery-icon portrait'>\n\t\t\t\t<img fetchpriority=\"high\" decoding=\"async\" width=\"533\" height=\"800\" src=\"https:\/\/rhizom-studio.com\/wp-content\/uploads\/2024\/06\/gris-gris-art-textile-deco-tribale-rhizom-studio-talisman-amulette-art-tribal-artiste-textile-macrame.jpg\" class=\"attachment-medium_large size-medium_large\" alt=\"\" srcset=\"https:\/\/rhizom-studio.com\/wp-content\/uploads\/2024\/06\/gris-gris-art-textile-deco-tribale-rhizom-studio-talisman-amulette-art-tribal-artiste-textile-macrame.jpg 533w, https:\/\/rhizom-studio.com\/wp-content\/uploads\/2024\/06\/gris-gris-art-textile-deco-tribale-rhizom-studio-talisman-amulette-art-tribal-artiste-textile-macrame-200x300.jpg 200w\" sizes=\"(max-width: 533px) 100vw, 533px\" \/>\n\t\t\t<\/div><\/figure><figure class='gallery-item'>\n\t\t\t<div class='gallery-icon portrait'>\n\t\t\t\t<img decoding=\"async\" width=\"533\" height=\"800\" src=\"https:\/\/rhizom-studio.com\/wp-content\/uploads\/2024\/06\/gris_gris_porte_bonheur_art_textile_deco_tribale_rhizom_studio_talisman-_amulette_art_tribal_coquillage.jpg\" class=\"attachment-medium_large size-medium_large\" alt=\"\" srcset=\"https:\/\/rhizom-studio.com\/wp-content\/uploads\/2024\/06\/gris_gris_porte_bonheur_art_textile_deco_tribale_rhizom_studio_talisman-_amulette_art_tribal_coquillage.jpg 533w, https:\/\/rhizom-studio.com\/wp-content\/uploads\/2024\/06\/gris_gris_porte_bonheur_art_textile_deco_tribale_rhizom_studio_talisman-_amulette_art_tribal_coquillage-200x300.jpg 200w\" sizes=\"(max-width: 533px) 100vw, 533px\" \/>\n\t\t\t<\/div><\/figure><figure class='gallery-item'>\n\t\t\t<div class='gallery-icon portrait'>\n\t\t\t\t<img decoding=\"async\" width=\"533\" height=\"800\" src=\"https:\/\/rhizom-studio.com\/wp-content\/uploads\/2024\/06\/macrame_tourmaline_gris_gris_art_textile_decot-ethnique_rhizom_studio_talisman_amulette_art_tribal_artiste_textile.jpg\" class=\"attachment-medium_large size-medium_large\" alt=\"\" srcset=\"https:\/\/rhizom-studio.com\/wp-content\/uploads\/2024\/06\/macrame_tourmaline_gris_gris_art_textile_decot-ethnique_rhizom_studio_talisman_amulette_art_tribal_artiste_textile.jpg 533w, https:\/\/rhizom-studio.com\/wp-content\/uploads\/2024\/06\/macrame_tourmaline_gris_gris_art_textile_decot-ethnique_rhizom_studio_talisman_amulette_art_tribal_artiste_textile-200x300.jpg 200w\" sizes=\"(max-width: 533px) 100vw, 533px\" \/>\n\t\t\t<\/div><\/figure><figure class='gallery-item'>\n\t\t\t<div class='gallery-icon portrait'>\n\t\t\t\t<img loading=\"lazy\" decoding=\"async\" width=\"533\" height=\"800\" src=\"https:\/\/rhizom-studio.com\/wp-content\/uploads\/2024\/06\/gris-gris-art-textile-deco-ethnique-rhizom-studio-talisman-amulette-art-tribal-artiste-textile.jpg\" class=\"attachment-medium_large size-medium_large\" alt=\"\" srcset=\"https:\/\/rhizom-studio.com\/wp-content\/uploads\/2024\/06\/gris-gris-art-textile-deco-ethnique-rhizom-studio-talisman-amulette-art-tribal-artiste-textile.jpg 533w, https:\/\/rhizom-studio.com\/wp-content\/uploads\/2024\/06\/gris-gris-art-textile-deco-ethnique-rhizom-studio-talisman-amulette-art-tribal-artiste-textile-200x300.jpg 200w\" sizes=\"(max-width: 533px) 100vw, 533px\" \/>\n\t\t\t<\/div><\/figure><figure class='gallery-item'>\n\t\t\t<div class='gallery-icon portrait'>\n\t\t\t\t<img loading=\"lazy\" decoding=\"async\" width=\"533\" height=\"800\" src=\"https:\/\/rhizom-studio.com\/wp-content\/uploads\/2024\/06\/gris_gris_rouille_art_textile_deco_tribale_rhizom_studio_talisman_amulette_art_transe_artiste_textile_festival_hippie.jpg\" class=\"attachment-medium_large size-medium_large\" alt=\"\" srcset=\"https:\/\/rhizom-studio.com\/wp-content\/uploads\/2024\/06\/gris_gris_rouille_art_textile_deco_tribale_rhizom_studio_talisman_amulette_art_transe_artiste_textile_festival_hippie.jpg 533w, https:\/\/rhizom-studio.com\/wp-content\/uploads\/2024\/06\/gris_gris_rouille_art_textile_deco_tribale_rhizom_studio_talisman_amulette_art_transe_artiste_textile_festival_hippie-200x300.jpg 200w\" sizes=\"(max-width: 533px) 100vw, 533px\" \/>\n\t\t\t<\/div><\/figure><figure class='gallery-item'>\n\t\t\t<div class='gallery-icon portrait'>\n\t\t\t\t<img loading=\"lazy\" decoding=\"async\" width=\"533\" height=\"800\" src=\"https:\/\/rhizom-studio.com\/wp-content\/uploads\/2024\/06\/gris_gris_art_textile_deco_ethnique_rhizom_studio_talisman_amulette_art_tribal_rose_morand.jpg\" class=\"attachment-medium_large size-medium_large\" alt=\"\" srcset=\"https:\/\/rhizom-studio.com\/wp-content\/uploads\/2024\/06\/gris_gris_art_textile_deco_ethnique_rhizom_studio_talisman_amulette_art_tribal_rose_morand.jpg 533w, https:\/\/rhizom-studio.com\/wp-content\/uploads\/2024\/06\/gris_gris_art_textile_deco_ethnique_rhizom_studio_talisman_amulette_art_tribal_rose_morand-200x300.jpg 200w\" sizes=\"(max-width: 533px) 100vw, 533px\" \/>\n\t\t\t<\/div><\/figure><figure class='gallery-item'>\n\t\t\t<div class='gallery-icon portrait'>\n\t\t\t\t<img loading=\"lazy\" decoding=\"async\" width=\"533\" height=\"800\" src=\"https:\/\/rhizom-studio.com\/wp-content\/uploads\/2024\/06\/gris_gris_porte_bonheur_art_textile_deco_ethnique_rhizom_studio_talisman_amulette_art_tribal_festival.jpg\" class=\"attachment-medium_large size-medium_large\" alt=\"\" srcset=\"https:\/\/rhizom-studio.com\/wp-content\/uploads\/2024\/06\/gris_gris_porte_bonheur_art_textile_deco_ethnique_rhizom_studio_talisman_amulette_art_tribal_festival.jpg 533w, https:\/\/rhizom-studio.com\/wp-content\/uploads\/2024\/06\/gris_gris_porte_bonheur_art_textile_deco_ethnique_rhizom_studio_talisman_amulette_art_tribal_festival-200x300.jpg 200w\" sizes=\"(max-width: 533px) 100vw, 533px\" \/>\n\t\t\t<\/div><\/figure><figure class='gallery-item'>\n\t\t\t<div class='gallery-icon portrait'>\n\t\t\t\t<img loading=\"lazy\" decoding=\"async\" width=\"533\" height=\"800\" src=\"https:\/\/rhizom-studio.com\/wp-content\/uploads\/2024\/06\/macrame_gris_gris_art_textile_deco_tribale_rhizom_studio_talisman_amulette_art_tribal_artiste_textile_galerie_expo.jpg\" class=\"attachment-medium_large size-medium_large\" alt=\"\" srcset=\"https:\/\/rhizom-studio.com\/wp-content\/uploads\/2024\/06\/macrame_gris_gris_art_textile_deco_tribale_rhizom_studio_talisman_amulette_art_tribal_artiste_textile_galerie_expo.jpg 533w, https:\/\/rhizom-studio.com\/wp-content\/uploads\/2024\/06\/macrame_gris_gris_art_textile_deco_tribale_rhizom_studio_talisman_amulette_art_tribal_artiste_textile_galerie_expo-200x300.jpg 200w\" sizes=\"(max-width: 533px) 100vw, 533px\" \/>\n\t\t\t<\/div><\/figure>\n\t\t<\/div>\n\t\t<\/div>\n\t\t\t\t\t\t<\/div>\n\t\t\t\t<\/div>\n\t\t\t\t\t<\/div>\n\t\t\t\t<\/div>\n\t\t<div class=\"elementor-element elementor-element-2af854a e-flex e-con-boxed e-con e-parent\" data-id=\"2af854a\" data-element_type=\"container\" data-e-type=\"container\">\n\t\t\t\t\t<div class=\"e-con-inner\">\n\t\t\t\t<div class=\"elementor-element elementor-element-af89f0c elementor-widget elementor-widget-spacer\" data-id=\"af89f0c\" data-element_type=\"widget\" data-e-type=\"widget\" data-widget_type=\"spacer.default\">\n\t\t\t\t<div class=\"elementor-widget-container\">\n\t\t\t\t\t\t\t<div class=\"elementor-spacer\">\n\t\t\t<div class=\"elementor-spacer-inner\"><\/div>\n\t\t<\/div>\n\t\t\t\t\t\t<\/div>\n\t\t\t\t<\/div>\n\t\t\t\t\t<\/div>\n\t\t\t\t<\/div>\n\t\t<div class=\"elementor-element elementor-element-ee6b753 e-flex e-con-boxed e-con e-parent\" data-id=\"ee6b753\" data-element_type=\"container\" data-e-type=\"container\">\n\t\t\t\t\t<div class=\"e-con-inner\">\n\t\t\t\t<div class=\"elementor-element elementor-element-8c2889b elementor-arrows-position-inside elementor-pagination-position-outside elementor-widget elementor-widget-image-carousel\" data-id=\"8c2889b\" data-element_type=\"widget\" data-e-type=\"widget\" data-settings=\"{&quot;slides_to_show&quot;:&quot;1&quot;,&quot;navigation&quot;:&quot;both&quot;,&quot;autoplay&quot;:&quot;yes&quot;,&quot;pause_on_hover&quot;:&quot;yes&quot;,&quot;pause_on_interaction&quot;:&quot;yes&quot;,&quot;autoplay_speed&quot;:5000,&quot;infinite&quot;:&quot;yes&quot;,&quot;effect&quot;:&quot;slide&quot;,&quot;speed&quot;:500}\" data-widget_type=\"image-carousel.default\">\n\t\t\t\t<div class=\"elementor-widget-container\">\n\t\t\t\t\t\t\t<div class=\"elementor-image-carousel-wrapper swiper\" role=\"region\" aria-roledescription=\"carousel\" aria-label=\"Carrousel d\u2019images\" dir=\"ltr\">\n\t\t\t<div class=\"elementor-image-carousel swiper-wrapper\" aria-live=\"off\">\n\t\t\t\t\t\t\t\t<div class=\"swiper-slide\" role=\"group\" aria-roledescription=\"slide\" aria-label=\"1 sur 2\"><figure class=\"swiper-slide-inner\"><img decoding=\"async\" class=\"swiper-slide-image\" src=\"https:\/\/rhizom-studio.com\/wp-content\/uploads\/2024\/08\/rhizom_studio_art-textile_decoration_parure_collier_bijoux_tribal_createur_gris_gris_deco_ethnique_2.jpg\" alt=\"rhizom_studio_art-textile_decoration_parure_collier_bijoux_tribal_createur_gris_gris_deco_ethnique_2\" \/><\/figure><\/div><div class=\"swiper-slide\" role=\"group\" aria-roledescription=\"slide\" aria-label=\"2 sur 2\"><figure class=\"swiper-slide-inner\"><img decoding=\"async\" class=\"swiper-slide-image\" src=\"https:\/\/rhizom-studio.com\/wp-content\/uploads\/2024\/06\/rhizom_studio_art-textile_decoration_parure_collier_bijoux_tribal_createur_gris_gris-1024x768.jpg\" alt=\"rhizom_studio_art-textile_decoration_parure_collier_bijoux_tribal_createur_gris_gris\" \/><\/figure><\/div>\t\t\t<\/div>\n\t\t\t\t\t\t\t\t\t\t\t\t<div class=\"elementor-swiper-button elementor-swiper-button-prev\" role=\"button\" tabindex=\"0\">\n\t\t\t\t\t\t<i aria-hidden=\"true\" class=\"eicon-chevron-left\"><\/i>\t\t\t\t\t<\/div>\n\t\t\t\t\t<div class=\"elementor-swiper-button elementor-swiper-button-next\" role=\"button\" tabindex=\"0\">\n\t\t\t\t\t\t<i aria-hidden=\"true\" class=\"eicon-chevron-right\"><\/i>\t\t\t\t\t<\/div>\n\t\t\t\t\n\t\t\t\t\t\t\t\t\t<div class=\"swiper-pagination\"><\/div>\n\t\t\t\t\t\t\t\t\t<\/div>\n\t\t\t\t\t\t<\/div>\n\t\t\t\t<\/div>\n\t\t\t\t\t<\/div>\n\t\t\t\t<\/div>\n\t\t\t\t<\/div>\n\t\t","protected":false},"excerpt":{"rendered":"<p>\u00a0:\u00a0 \u00a0:::\u00a0 LES GRIS-GRIS\u00a0 ::\u00a0 :\u00a0 : F\u00e9tiches des mondes d\u00e9filant sans arr\u00eats et sans freins devant notre oeil int\u00e9rieur. [&hellip;]<\/p>\n","protected":false},"author":1,"featured_media":0,"parent":0,"menu_order":0,"comment_status":"closed","ping_status":"closed","template":"","meta":{"site-sidebar-layout":"default","site-content-layout":"","ast-site-content-layout":"","site-content-style":"default","site-sidebar-style":"default","ast-global-header-display":"","ast-banner-title-visibility":"","ast-main-header-display":"","ast-hfb-above-header-display":"","ast-hfb-below-header-display":"","ast-hfb-mobile-header-display":"","site-post-title":"","ast-breadcrumbs-content":"","ast-featured-img":"","footer-sml-layout":"","theme-transparent-header-meta":"","adv-header-id-meta":"","stick-header-meta":"","header-above-stick-meta":"","header-main-stick-meta":"","header-below-stick-meta":"","astra-migrate-meta-layouts":"default","ast-page-background-enabled":"default","ast-page-background-meta":{"desktop":{"background-color":"var(--ast-global-color-4)","background-image":"","background-repeat":"repeat","background-position":"center center","background-size":"auto","background-attachment":"scroll","background-type":"","background-media":"","overlay-type":"","overlay-color":"","overlay-opacity":"","overlay-gradient":""},"tablet":{"background-color":"","background-image":"","background-repeat":"repeat","background-position":"center center","background-size":"auto","background-attachment":"scroll","background-type":"","background-media":"","overlay-type":"","overlay-color":"","overlay-opacity":"","overlay-gradient":""},"mobile":{"background-color":"","background-image":"","background-repeat":"repeat","background-position":"center center","background-size":"auto","background-attachment":"scroll","background-type":"","background-media":"","overlay-type":"","overlay-color":"","overlay-opacity":"","overlay-gradient":""}},"ast-content-background-meta":{"desktop":{"background-color":"var(--ast-global-color-5)","background-image":"","background-repeat":"repeat","background-position":"center center","background-size":"auto","background-attachment":"scroll","background-type":"","background-media":"","overlay-type":"","overlay-color":"","overlay-opacity":"","overlay-gradient":""},"tablet":{"background-color":"var(--ast-global-color-5)","background-image":"","background-repeat":"repeat","background-position":"center center","background-size":"auto","background-attachment":"scroll","background-type":"","background-media":"","overlay-type":"","overlay-color":"","overlay-opacity":"","overlay-gradient":""},"mobile":{"background-color":"var(--ast-global-color-5)","background-image":"","background-repeat":"repeat","background-position":"center center","background-size":"auto","background-attachment":"scroll","background-type":"","background-media":"","overlay-type":"","overlay-color":"","overlay-opacity":"","overlay-gradient":""}},"footnotes":""},"class_list":["post-36","page","type-page","status-publish","hentry"],"_links":{"self":[{"href":"https:\/\/rhizom-studio.com\/index.php?rest_route=\/wp\/v2\/pages\/36","targetHints":{"allow":["GET"]}}],"collection":[{"href":"https:\/\/rhizom-studio.com\/index.php?rest_route=\/wp\/v2\/pages"}],"about":[{"href":"https:\/\/rhizom-studio.com\/index.php?rest_route=\/wp\/v2\/types\/page"}],"author":[{"embeddable":true,"href":"https:\/\/rhizom-studio.com\/index.php?rest_route=\/wp\/v2\/users\/1"}],"replies":[{"embeddable":true,"href":"https:\/\/rhizom-studio.com\/index.php?rest_route=%2Fwp%2Fv2%2Fcomments&post=36"}],"version-history":[{"count":127,"href":"https:\/\/rhizom-studio.com\/index.php?rest_route=\/wp\/v2\/pages\/36\/revisions"}],"predecessor-version":[{"id":1591,"href":"https:\/\/rhizom-studio.com\/index.php?rest_route=\/wp\/v2\/pages\/36\/revisions\/1591"}],"wp:attachment":[{"href":"https:\/\/rhizom-studio.com\/index.php?rest_route=%2Fwp%2Fv2%2Fmedia&parent=36"}],"curies":[{"name":"wp","href":"https:\/\/api.w.org\/{rel}","templated":true}]}}