{"id":1420,"date":"2024-08-20T18:01:19","date_gmt":"2024-08-20T16:01:19","guid":{"rendered":"http:\/\/rhizomstjc.cluster014.ovh.net\/?page_id=1420"},"modified":"2024-08-20T22:59:14","modified_gmt":"2024-08-20T20:59:14","slug":"elementor-1420","status":"publish","type":"page","link":"https:\/\/rhizom-studio.com\/?page_id=1420","title":{"rendered":"Workshops"},"content":{"rendered":"\t\t<div data-elementor-type=\"wp-page\" data-elementor-id=\"1420\" class=\"elementor elementor-1420\">\n\t\t\t\t<div class=\"elementor-element elementor-element-accedc3 e-flex e-con-boxed e-con e-parent\" data-id=\"accedc3\" data-element_type=\"container\" data-e-type=\"container\">\n\t\t\t\t\t<div class=\"e-con-inner\">\n\t\t\t\t<div class=\"elementor-element elementor-element-9422252 elementor-widget elementor-widget-spacer\" data-id=\"9422252\" data-element_type=\"widget\" data-e-type=\"widget\" data-widget_type=\"spacer.default\">\n\t\t\t\t<div class=\"elementor-widget-container\">\n\t\t\t\t\t\t\t<div class=\"elementor-spacer\">\n\t\t\t<div class=\"elementor-spacer-inner\"><\/div>\n\t\t<\/div>\n\t\t\t\t\t\t<\/div>\n\t\t\t\t<\/div>\n\t\t\t\t\t<\/div>\n\t\t\t\t<\/div>\n\t\t<div class=\"elementor-element elementor-element-5941c42 e-flex e-con-boxed e-con e-parent\" data-id=\"5941c42\" data-element_type=\"container\" data-e-type=\"container\">\n\t\t\t\t\t<div class=\"e-con-inner\">\n\t\t<div class=\"elementor-element elementor-element-4363a67 e-con-full e-flex e-con e-child\" data-id=\"4363a67\" data-element_type=\"container\" data-e-type=\"container\">\n\t\t\t\t<div class=\"elementor-element elementor-element-89f372c e-transform elementor-widget elementor-widget-text-editor\" data-id=\"89f372c\" data-element_type=\"widget\" data-e-type=\"widget\" data-settings=\"{&quot;_transform_translateX_effect&quot;:{&quot;unit&quot;:&quot;px&quot;,&quot;size&quot;:0,&quot;sizes&quot;:[]},&quot;_transform_translateY_effect&quot;:{&quot;unit&quot;:&quot;px&quot;,&quot;size&quot;:0,&quot;sizes&quot;:[]},&quot;_transform_translateX_effect_tablet&quot;:{&quot;unit&quot;:&quot;px&quot;,&quot;size&quot;:&quot;&quot;,&quot;sizes&quot;:[]},&quot;_transform_translateX_effect_mobile&quot;:{&quot;unit&quot;:&quot;px&quot;,&quot;size&quot;:&quot;&quot;,&quot;sizes&quot;:[]},&quot;_transform_translateY_effect_tablet&quot;:{&quot;unit&quot;:&quot;px&quot;,&quot;size&quot;:&quot;&quot;,&quot;sizes&quot;:[]},&quot;_transform_translateY_effect_mobile&quot;:{&quot;unit&quot;:&quot;px&quot;,&quot;size&quot;:&quot;&quot;,&quot;sizes&quot;:[]}}\" data-widget_type=\"text-editor.default\">\n\t\t\t\t<div class=\"elementor-widget-container\">\n\t\t\t\t\t\t\t\t\t<p>Rhizom propose des ateliers de cr\u00e9ation ornementale participatifs lors de festivals, concerts, march\u00e9s. Issues de r\u00e9emploi, de seconde main ou de collectes, nous mettons \u00e0 disposition les mati\u00e8res et les outils pour permettre aux participants de laisser libre court \u00e0 leur cr\u00e9ativit\u00e9. V\u00e9ritable temps d\u2019\u00e9change, des lectures et des r\u00e9flexions sur la place des rituels et les objets qui les accompagnent viennent nourrir le faire ensemble.<\/p>\t\t\t\t\t\t\t\t<\/div>\n\t\t\t\t<\/div>\n\t\t\t\t<div class=\"elementor-element elementor-element-6c6865e elementor-widget elementor-widget-image\" data-id=\"6c6865e\" data-element_type=\"widget\" data-e-type=\"widget\" data-widget_type=\"image.default\">\n\t\t\t\t<div class=\"elementor-widget-container\">\n\t\t\t\t\t\t\t\t\t\t\t\t\t\t\t<img fetchpriority=\"high\" decoding=\"async\" width=\"789\" height=\"1024\" src=\"https:\/\/rhizom-studio.com\/wp-content\/uploads\/2024\/06\/atelier-diy-gris-gris-parure-art-textile-pendentif-festival-transe-tribale-rhizom-studio-talisman-amulette-art-tribal-macrame-bijoux-otawa-789x1024.jpg\" class=\"attachment-large size-large wp-image-861\" alt=\"\" srcset=\"https:\/\/rhizom-studio.com\/wp-content\/uploads\/2024\/06\/atelier-diy-gris-gris-parure-art-textile-pendentif-festival-transe-tribale-rhizom-studio-talisman-amulette-art-tribal-macrame-bijoux-otawa-789x1024.jpg 789w, https:\/\/rhizom-studio.com\/wp-content\/uploads\/2024\/06\/atelier-diy-gris-gris-parure-art-textile-pendentif-festival-transe-tribale-rhizom-studio-talisman-amulette-art-tribal-macrame-bijoux-otawa-231x300.jpg 231w, https:\/\/rhizom-studio.com\/wp-content\/uploads\/2024\/06\/atelier-diy-gris-gris-parure-art-textile-pendentif-festival-transe-tribale-rhizom-studio-talisman-amulette-art-tribal-macrame-bijoux-otawa-768x996.jpg 768w, https:\/\/rhizom-studio.com\/wp-content\/uploads\/2024\/06\/atelier-diy-gris-gris-parure-art-textile-pendentif-festival-transe-tribale-rhizom-studio-talisman-amulette-art-tribal-macrame-bijoux-otawa.jpg 1080w\" sizes=\"(max-width: 789px) 100vw, 789px\" \/>\t\t\t\t\t\t\t\t\t\t\t\t\t\t\t<\/div>\n\t\t\t\t<\/div>\n\t\t\t\t<\/div>\n\t\t<div class=\"elementor-element elementor-element-e1eee9f e-con-full e-flex e-con e-child\" data-id=\"e1eee9f\" data-element_type=\"container\" data-e-type=\"container\">\n\t\t\t\t<div class=\"elementor-element elementor-element-4f101f0 elementor-widget elementor-widget-image\" data-id=\"4f101f0\" data-element_type=\"widget\" data-e-type=\"widget\" data-widget_type=\"image.default\">\n\t\t\t\t<div class=\"elementor-widget-container\">\n\t\t\t\t\t\t\t\t\t\t\t\t\t\t\t<img decoding=\"async\" width=\"768\" height=\"1444\" src=\"https:\/\/rhizom-studio.com\/wp-content\/uploads\/2024\/08\/IMG_20240820_180319_841-768x1444.jpg\" class=\"attachment-medium_large size-medium_large wp-image-1422\" alt=\"\" srcset=\"https:\/\/rhizom-studio.com\/wp-content\/uploads\/2024\/08\/IMG_20240820_180319_841-768x1444.jpg 768w, https:\/\/rhizom-studio.com\/wp-content\/uploads\/2024\/08\/IMG_20240820_180319_841-160x300.jpg 160w, https:\/\/rhizom-studio.com\/wp-content\/uploads\/2024\/08\/IMG_20240820_180319_841-545x1024.jpg 545w, https:\/\/rhizom-studio.com\/wp-content\/uploads\/2024\/08\/IMG_20240820_180319_841-817x1536.jpg 817w, https:\/\/rhizom-studio.com\/wp-content\/uploads\/2024\/08\/IMG_20240820_180319_841.jpg 1080w\" sizes=\"(max-width: 768px) 100vw, 768px\" \/>\t\t\t\t\t\t\t\t\t\t\t\t\t\t\t<\/div>\n\t\t\t\t<\/div>\n\t\t\t\t<\/div>\n\t\t\t\t\t<\/div>\n\t\t\t\t<\/div>\n\t\t<div class=\"elementor-element elementor-element-8d4e951 e-flex e-con-boxed e-con e-parent\" data-id=\"8d4e951\" data-element_type=\"container\" data-e-type=\"container\">\n\t\t\t\t\t<div class=\"e-con-inner\">\n\t\t\t\t<div class=\"elementor-element elementor-element-7c8837a elementor-widget elementor-widget-spacer\" data-id=\"7c8837a\" data-element_type=\"widget\" data-e-type=\"widget\" data-widget_type=\"spacer.default\">\n\t\t\t\t<div class=\"elementor-widget-container\">\n\t\t\t\t\t\t\t<div class=\"elementor-spacer\">\n\t\t\t<div class=\"elementor-spacer-inner\"><\/div>\n\t\t<\/div>\n\t\t\t\t\t\t<\/div>\n\t\t\t\t<\/div>\n\t\t\t\t\t<\/div>\n\t\t\t\t<\/div>\n\t\t<div class=\"elementor-element elementor-element-e16daab e-grid e-con-boxed e-con e-parent\" data-id=\"e16daab\" data-element_type=\"container\" data-e-type=\"container\">\n\t\t\t\t\t<div class=\"e-con-inner\">\n\t\t\t\t<div class=\"elementor-element elementor-element-b37214c elementor-widget elementor-widget-image\" data-id=\"b37214c\" data-element_type=\"widget\" data-e-type=\"widget\" data-widget_type=\"image.default\">\n\t\t\t\t<div class=\"elementor-widget-container\">\n\t\t\t\t\t\t\t\t\t\t\t\t\t\t\t<img decoding=\"async\" width=\"463\" height=\"600\" src=\"https:\/\/rhizom-studio.com\/wp-content\/uploads\/2024\/06\/atelier-gris-gris-parure-art-textile-pendentif-festival-transe-tribale-rhizom-studio-talisman-amulette-art-tribal-macrame-bijoux-masque.jpg\" class=\"attachment-large size-large wp-image-858\" alt=\"\" srcset=\"https:\/\/rhizom-studio.com\/wp-content\/uploads\/2024\/06\/atelier-gris-gris-parure-art-textile-pendentif-festival-transe-tribale-rhizom-studio-talisman-amulette-art-tribal-macrame-bijoux-masque.jpg 463w, https:\/\/rhizom-studio.com\/wp-content\/uploads\/2024\/06\/atelier-gris-gris-parure-art-textile-pendentif-festival-transe-tribale-rhizom-studio-talisman-amulette-art-tribal-macrame-bijoux-masque-232x300.jpg 232w\" sizes=\"(max-width: 463px) 100vw, 463px\" \/>\t\t\t\t\t\t\t\t\t\t\t\t\t\t\t<\/div>\n\t\t\t\t<\/div>\n\t\t\t\t<div class=\"elementor-element elementor-element-8c099b1 elementor-widget elementor-widget-image\" data-id=\"8c099b1\" data-element_type=\"widget\" data-e-type=\"widget\" data-widget_type=\"image.default\">\n\t\t\t\t<div class=\"elementor-widget-container\">\n\t\t\t\t\t\t\t\t\t\t\t\t\t\t\t<img loading=\"lazy\" decoding=\"async\" width=\"463\" height=\"600\" src=\"https:\/\/rhizom-studio.com\/wp-content\/uploads\/2024\/06\/atelier-otawa-gris-gris-art-textile-festival-transe-tribale-rhizom-studio-talisman-amulette-art-tribal-macrame-bijoux.jpg\" class=\"attachment-large size-large wp-image-860\" alt=\"\" srcset=\"https:\/\/rhizom-studio.com\/wp-content\/uploads\/2024\/06\/atelier-otawa-gris-gris-art-textile-festival-transe-tribale-rhizom-studio-talisman-amulette-art-tribal-macrame-bijoux.jpg 463w, https:\/\/rhizom-studio.com\/wp-content\/uploads\/2024\/06\/atelier-otawa-gris-gris-art-textile-festival-transe-tribale-rhizom-studio-talisman-amulette-art-tribal-macrame-bijoux-232x300.jpg 232w\" sizes=\"(max-width: 463px) 100vw, 463px\" \/>\t\t\t\t\t\t\t\t\t\t\t\t\t\t\t<\/div>\n\t\t\t\t<\/div>\n\t\t\t\t<div class=\"elementor-element elementor-element-52f7ee8 elementor-widget elementor-widget-image\" data-id=\"52f7ee8\" data-element_type=\"widget\" data-e-type=\"widget\" data-widget_type=\"image.default\">\n\t\t\t\t<div class=\"elementor-widget-container\">\n\t\t\t\t\t\t\t\t\t\t\t\t\t\t\t<img loading=\"lazy\" decoding=\"async\" width=\"463\" height=\"600\" src=\"https:\/\/rhizom-studio.com\/wp-content\/uploads\/2024\/06\/atelier-gris-gris-art-textile-festival-transe-tribale-rhizom-studio-talisman-amulette-art-tribal-macrame-bijoux.jpg\" class=\"attachment-large size-large wp-image-859\" alt=\"\" srcset=\"https:\/\/rhizom-studio.com\/wp-content\/uploads\/2024\/06\/atelier-gris-gris-art-textile-festival-transe-tribale-rhizom-studio-talisman-amulette-art-tribal-macrame-bijoux.jpg 463w, https:\/\/rhizom-studio.com\/wp-content\/uploads\/2024\/06\/atelier-gris-gris-art-textile-festival-transe-tribale-rhizom-studio-talisman-amulette-art-tribal-macrame-bijoux-232x300.jpg 232w\" sizes=\"(max-width: 463px) 100vw, 463px\" \/>\t\t\t\t\t\t\t\t\t\t\t\t\t\t\t<\/div>\n\t\t\t\t<\/div>\n\t\t\t\t\t<\/div>\n\t\t\t\t<\/div>\n\t\t<div class=\"elementor-element elementor-element-c0dc5f5 e-flex e-con-boxed e-con e-parent\" data-id=\"c0dc5f5\" data-element_type=\"container\" data-e-type=\"container\">\n\t\t\t\t\t<div class=\"e-con-inner\">\n\t\t\t\t<div class=\"elementor-element elementor-element-869af91 elementor-widget elementor-widget-text-editor\" data-id=\"869af91\" data-element_type=\"widget\" data-e-type=\"widget\" data-widget_type=\"text-editor.default\">\n\t\t\t\t<div class=\"elementor-widget-container\">\n\t\t\t\t\t\t\t\t\t<p><strong>WORKSHOP PARURES\u00a0 \/ FESTIVAL O&rsquo;TAWA \/ 2023 \/\u00a0<\/strong><\/p><p>Cr\u00e9ation de gris-gris, pendentifs et accessoires. Par\u00e9s pour danser !<\/p><h5>\u00a0<\/h5>\t\t\t\t\t\t\t\t<\/div>\n\t\t\t\t<\/div>\n\t\t\t\t\t<\/div>\n\t\t\t\t<\/div>\n\t\t<div class=\"elementor-element elementor-element-e44a2cc e-flex e-con-boxed e-con e-parent\" data-id=\"e44a2cc\" data-element_type=\"container\" data-e-type=\"container\">\n\t\t\t\t\t<div class=\"e-con-inner\">\n\t\t\t\t<div class=\"elementor-element elementor-element-3cb4ea9 elementor-widget elementor-widget-spacer\" data-id=\"3cb4ea9\" data-element_type=\"widget\" data-e-type=\"widget\" data-widget_type=\"spacer.default\">\n\t\t\t\t<div class=\"elementor-widget-container\">\n\t\t\t\t\t\t\t<div class=\"elementor-spacer\">\n\t\t\t<div class=\"elementor-spacer-inner\"><\/div>\n\t\t<\/div>\n\t\t\t\t\t\t<\/div>\n\t\t\t\t<\/div>\n\t\t\t\t\t<\/div>\n\t\t\t\t<\/div>\n\t\t\t\t<\/div>\n\t\t","protected":false},"excerpt":{"rendered":"<p>Rhizom propose des ateliers de cr\u00e9ation ornementale participatifs lors de festivals, concerts, march\u00e9s. Issues de r\u00e9emploi, de seconde main ou [&hellip;]<\/p>\n","protected":false},"author":1,"featured_media":0,"parent":0,"menu_order":0,"comment_status":"closed","ping_status":"closed","template":"","meta":{"site-sidebar-layout":"no-sidebar","site-content-layout":"","ast-site-content-layout":"full-width-container","site-content-style":"default","site-sidebar-style":"default","ast-global-header-display":"","ast-banner-title-visibility":"","ast-main-header-display":"","ast-hfb-above-header-display":"","ast-hfb-below-header-display":"","ast-hfb-mobile-header-display":"","site-post-title":"disabled","ast-breadcrumbs-content":"","ast-featured-img":"disabled","footer-sml-layout":"","theme-transparent-header-meta":"","adv-header-id-meta":"","stick-header-meta":"","header-above-stick-meta":"","header-main-stick-meta":"","header-below-stick-meta":"","astra-migrate-meta-layouts":"default","ast-page-background-enabled":"default","ast-page-background-meta":{"desktop":{"background-color":"var(--ast-global-color-4)","background-image":"","background-repeat":"repeat","background-position":"center center","background-size":"auto","background-attachment":"scroll","background-type":"","background-media":"","overlay-type":"","overlay-color":"","overlay-opacity":"","overlay-gradient":""},"tablet":{"background-color":"","background-image":"","background-repeat":"repeat","background-position":"center center","background-size":"auto","background-attachment":"scroll","background-type":"","background-media":"","overlay-type":"","overlay-color":"","overlay-opacity":"","overlay-gradient":""},"mobile":{"background-color":"","background-image":"","background-repeat":"repeat","background-position":"center center","background-size":"auto","background-attachment":"scroll","background-type":"","background-media":"","overlay-type":"","overlay-color":"","overlay-opacity":"","overlay-gradient":""}},"ast-content-background-meta":{"desktop":{"background-color":"var(--ast-global-color-5)","background-image":"","background-repeat":"repeat","background-position":"center center","background-size":"auto","background-attachment":"scroll","background-type":"","background-media":"","overlay-type":"","overlay-color":"","overlay-opacity":"","overlay-gradient":""},"tablet":{"background-color":"var(--ast-global-color-5)","background-image":"","background-repeat":"repeat","background-position":"center center","background-size":"auto","background-attachment":"scroll","background-type":"","background-media":"","overlay-type":"","overlay-color":"","overlay-opacity":"","overlay-gradient":""},"mobile":{"background-color":"var(--ast-global-color-5)","background-image":"","background-repeat":"repeat","background-position":"center center","background-size":"auto","background-attachment":"scroll","background-type":"","background-media":"","overlay-type":"","overlay-color":"","overlay-opacity":"","overlay-gradient":""}},"footnotes":""},"class_list":["post-1420","page","type-page","status-publish","hentry"],"_links":{"self":[{"href":"https:\/\/rhizom-studio.com\/index.php?rest_route=\/wp\/v2\/pages\/1420","targetHints":{"allow":["GET"]}}],"collection":[{"href":"https:\/\/rhizom-studio.com\/index.php?rest_route=\/wp\/v2\/pages"}],"about":[{"href":"https:\/\/rhizom-studio.com\/index.php?rest_route=\/wp\/v2\/types\/page"}],"author":[{"embeddable":true,"href":"https:\/\/rhizom-studio.com\/index.php?rest_route=\/wp\/v2\/users\/1"}],"replies":[{"embeddable":true,"href":"https:\/\/rhizom-studio.com\/index.php?rest_route=%2Fwp%2Fv2%2Fcomments&post=1420"}],"version-history":[{"count":32,"href":"https:\/\/rhizom-studio.com\/index.php?rest_route=\/wp\/v2\/pages\/1420\/revisions"}],"predecessor-version":[{"id":1662,"href":"https:\/\/rhizom-studio.com\/index.php?rest_route=\/wp\/v2\/pages\/1420\/revisions\/1662"}],"wp:attachment":[{"href":"https:\/\/rhizom-studio.com\/index.php?rest_route=%2Fwp%2Fv2%2Fmedia&parent=1420"}],"curies":[{"name":"wp","href":"https:\/\/api.w.org\/{rel}","templated":true}]}}